{"id":2,"date":"2009-09-07T10:44:05","date_gmt":"2009-09-07T08:44:05","guid":{"rendered":"http:\/\/priegorural.es\/blog\/?page_id=2"},"modified":"2009-09-13T11:40:47","modified_gmt":"2009-09-13T09:40:47","slug":"acercade","status":"publish","type":"page","link":"https:\/\/www.priegorural.es\/blog\/acercade\/","title":{"rendered":"Acerca de"},"content":{"rendered":"<p>Blog Priego Rural es el blog oficial de la Asociaci\u00f3n Tur\u00edstica Priego Rural, con sede en Priego de C\u00f3rdoba y constituida por propietarios de alojamientos en la zona de Priego y su comarca.<\/p>\n","protected":false},"excerpt":{"rendered":"<p>Blog Priego Rural es el blog oficial de la Asociaci\u00f3n Tur\u00edstica Priego Rural, con sede en Priego de C\u00f3rdoba y constituida por propietarios de alojamientos en la zona de Priego y su comarca.<\/p>\n","protected":false},"author":2,"featured_media":0,"parent":0,"menu_order":0,"comment_status":"open","ping_status":"open","template":"","meta":{"footnotes":""},"class_list":["post-2","page","type-page","status-publish","hentry"],"aioseo_notices":[],"_links":{"self":[{"href":"https:\/\/www.priegorural.es\/blog\/wp-json\/wp\/v2\/pages\/2","targetHints":{"allow":["GET"]}}],"collection":[{"href":"https:\/\/www.priegorural.es\/blog\/wp-json\/wp\/v2\/pages"}],"about":[{"href":"https:\/\/www.priegorural.es\/blog\/wp-json\/wp\/v2\/types\/page"}],"author":[{"embeddable":true,"href":"https:\/\/www.priegorural.es\/blog\/wp-json\/wp\/v2\/users\/2"}],"replies":[{"embeddable":true,"href":"https:\/\/www.priegorural.es\/blog\/wp-json\/wp\/v2\/comments?post=2"}],"version-history":[{"count":1,"href":"https:\/\/www.priegorural.es\/blog\/wp-json\/wp\/v2\/pages\/2\/revisions"}],"predecessor-version":[{"id":3,"href":"https:\/\/www.priegorural.es\/blog\/wp-json\/wp\/v2\/pages\/2\/revisions\/3"}],"wp:attachment":[{"href":"https:\/\/www.priegorural.es\/blog\/wp-json\/wp\/v2\/media?parent=2"}],"curies":[{"name":"wp","href":"https:\/\/api.w.org\/{rel}","templated":true}]}}